 518 divide 1257262?
False
Does 605 divide 3626746?
False
Is 68387 a multiple of 11?
True
Is 162 a factor of 21222?
True
Is 135 a factor of 6518475?
True
Does 1561 divide 3952452?
True
Does 56 divide 915096?
True
Does 28 divide 528428?
False
Is 145945 a multiple of 85?
True
Is 749388 a multiple of 41?
False
Does 44 divide 4795252?
True
Does 10 divide 460014?
False
Is 11 a factor of 1228637?
False
Does 277 divide 141310?
False
Does 8 divide 38998?
False
Does 37 divide 8363380?
False
Is 40 a factor of 1249000?
True
Is 259922 a multiple of 13?
True
Does 12 divide 2318508?
True
Does 2 divide 865215?
False
Is 22263101 a multiple of 47?
True
Is 53 a factor of 4861213?
True
Is 7900576 a multiple of 16?
True
Is 331 a factor of 1020473?
True
Is 572964 a multiple of 798?
True
Does 46 divide 391953?
False
Is 183298 a multiple of 4?
False
Is 2159938 a multiple of 162?
False
Is 9395829 a multiple of 94?
False
Is 45189 even?
False
Is 30 a factor of 222602?
False
Is 988 a factor of 652080?
True
Is 90 a factor of 9450?
True
Is 2036952 a multiple of 24?
True
Does 5 divide 175340?
True
Is 119 a factor of 43673?
True
Does 34 divide 86668?
False
Does 3 divide 14097?
True
Is 44564 a multiple of 9?
False
Is 15 a factor of 15547?
False
Is 11 a factor of 59862?
True
Is 13 a factor of 2367846?
True
Is 395794 a multiple of 7?
True
Is 2 a factor of 31127?
False
Is 153 a factor of 1168920?
True
Is 113316 a multiple of 14?
True
Does 283 divide 216747?
False
Is 111650 a multiple of 203?
True
Does 310 divide 121042?
False
Is 163 a factor of 5653071?
False
Is 112807 a multiple of 57?
False
Is 82 a factor of 140087?
False
Does 45 divide 1871550?
True
Is 31 a factor of 15991292?
False
Is 96 a factor of 459552?
True
Is 30 a factor of 2254260?
True
Is 7284 a multiple of 6?
True
Is 26 a factor of 49867?
False
Is 56074 a multiple of 46?
True
Is 253 a factor of 66033?
True
Is 88 a factor of 17382376?
True
Is 104 a factor of 387120?
False
Is 948 a factor of 1948140?
True
Is 571 a factor of 6353837?
False
Does 137 divide 56033?
True
Is 709750 a multiple of 125?
True
Is 71 a factor of 538214?
False
Does 4 divide 7998325?
False
Does 5 divide 10910?
True
Does 6 divide 1351332?
True
Is 487971 a multiple of 341?
True
Is 844694 even?
True
Is 869860 a multiple of 212?
False
Does 48 divide 117168?
True
Does 17 divide 13124?
True
Is 3812487 a multiple of 21?
True
Is 12 a factor of 2355210?
False
Does 526 divide 7093636?
True
Is 720 a factor of 82807?
False
Is 1520 a factor of 3233971?
False
Does 48 divide 1195208?
False
Is 26 a factor of 78416?
True
Is 18 a factor of 158049?
False
Is 10 a factor of 1614552?
False
Does 15 divide 229818?
False
Does 275 divide 47575?
True
Is 19 a factor of 270902?
True
Does 2 divide 65316?
True
Is 13 a factor of 586976?
True
Does 80 divide 1104021?
False
Is 11 a factor of 483065?
True
Does 19 divide 194028?
True
Is 1782316 a multiple of 52?
False
Does 306 divide 30971039?
False
Is 26760944 a multiple of 28?
True
Is 19656 a multiple of 21?
True
Is 2001458 a multiple of 109?
True
Is 768 a factor of 313593?
False
Does 156 divide 1115400?
True
Does 12 divide 16917876?
True
Is 1743639 a multiple of 537?
True
Is 598524 a multiple of 879?
False
Does 205 divide 5916915?
True
Does 19 divide 3408600?
True
Is 7 a factor of 11386?
False
Does 2 divide 6656?
True
Is 79527 a multiple of 21?
True
Is 115320 a multiple of 30?
True
Does 67 divide 815993?
True
Is 104 a factor of 491388?
False
Is 295 a factor of 225330?
False
Does 23 divide 22382?
False
Does 13 divide 50030?
False
Does 85 divide 3428394?
False
Is 3 a factor of 9554?
False
Is 286 a factor of 1083367?
False
Is 4973568 a multiple of 1024?
True
Is 315929 a multiple of 52?
False
Is 7 a factor of 865513?
False
Is 5957784 a multiple of 9?
True
Is 14 a factor of 102900?
True
Is 302214 a multiple of 6?
True
Is 912032 a multiple of 77?
False
Does 71 divide 9922546?
False
Is 63 a factor of 388099?
False
Is 36 a factor of 430943?
False
Is 869958 a multiple of 14?
False
Is 7 a factor of 1698545?
False
Does 11 divide 186780?
True
Is 604890 a multiple of 78?
True
Is 5905020 a multiple of 110?
True
Is 908493 a multiple of 12?
False
Is 373 a factor of 2376756?
True
Is 1106 a factor of 4271372?
True
Does 65 divide 6159827?
False
Is 1162 a factor of 1580646?
False
Is 28 a factor of 148360?
False
Is 4 a factor of 881508?
True
Does 258 divide 486467?
False
Is 62891 a multiple of 28?
False
Is 460 a factor of 554412?
False
Is 1185924 a multiple of 148?
True
Does 139 divide 213643?
True
Does 20 divide 448408?
False
Does 121 divide 201046?
False
Is 6255150 a multiple of 150?
True
Is 46 a factor of 9384086?
False
Is 141201 a multiple of 102?
False
Is 2 a factor of 592002?
True
Does 370 divide 94350?
True
Is 589612 a multiple of 150?
False
Is 103 a factor of 8084676?
True
Is 2 a factor of 104037?
False
Does 28 divide 1871492?
True
Is 1188896 a multiple of 16?
True
Is 67903 a multiple of 15?
False
Is 326 a factor of 1244326?
False
Is 13148 a multiple of 38?
True
Does 1232 divide 6993117?
False
Does 42 divide 5812590?
True
Does 11 divide 65924?
False
Does 44 divide 1855719?
False
Is 125 a factor of 435125?
True
Does 20 divide 552100?
True
Is 459676 a multiple of 616?
False
Does 59 divide 3538738?
False
Does 69 divide 88941?
True
Is 5 a factor of 243270?
True
Is 1917720 a multiple of 42?
True
Does 39 divide 477516?
True
Is 33230 a multiple of 39?
False
Is 78106 a multiple of 8?
False
Is 656 a factor of 2878889?
False
Is 216050 a multiple of 50?
True
Is 9187841 a multiple of 13?
True
Does 484 divide 3461084?
True
Is 366 a factor of 3728442?
True
Is 335316 a multiple of 156?
False
Is 71 a factor of 720863?
True
Is 951238 a multiple of 161?
False
Is 151264 a multiple of 29?
True
Does 3 divide 1216457?
False
Does 4 divide 6015496?
True
Is 103 a factor of 38173?
False
Is 350750 a multiple of 314?
False
Is 629700 a multiple of 50?
True
Is 20 a factor of 2551860?
True
Is 2428664 a multiple of 56?
True
Is 205108 a multiple of 15?
False
Is 336683 a multiple of 34?
False
Does 10 divide 21515?
False
Is 18 a factor of 285895?
False
Is 13 a factor of 124124?
True
Does 21 divide 75162?
False
Does 267 divide 682986?
True
Does 115 divide 90194?
False
Does 500 divide 1661804?
False
Is 1459080 a multiple of 4?
True
Is 176004 a multiple of 12?
True
Is 8612 a multiple of 14?
False
Is 11 a factor of 71238?
False
Does 100 divide 59500?
True
Is 4 a factor of 215765?
False
Does 21 divide 156639?
True
Is 164929 a multiple of 3?
False
Is 44951 a multiple of 15?
False
Is 6 a factor of 344828?
False
Is 411 a factor of 6828765?
True
Is 92 a factor of 438840?
True
Does 124 divide 1601708?
True
Does 84 divide 111299?
False
Does 77 divide 49546?
False
Is 729 a factor of 2697300?
True
Does 78 divide 3773952?
True
Does 42 divide 8477616?
True
Does 47 divide 163654?
True
Is 77 a factor of 16614136?
True
Is 1579760 a multiple of 1240?
True
Is 23 a factor of 1722837?
False
Is 1075266 a multiple of 93?
True
Does 11 divide 664455?
True
Is 1677865 a multiple of 5?
True
Is 160 a factor of 538240?
True
Is 4 a factor of 40763?
False
Is 17 a factor of 855902?
False
Is 1092 a factor of 2462075?
False
Is 99760 a multiple of 58?
True
Is 597350 a multiple of 26?
True
Does 24 divide 26177?
False
Is 13 a factor of 4642406?
False
Does 480 divide 3868800?
True
Is 9993 a multiple of 25?
False
Does 29 divide 611554?
False
Is 484866 a multiple of 10?
False
Is 64738 a multiple of 3?
False
Is 84833 a multiple of 7?
True
Does 53 divide 281040?
False
Is 227838 a multiple of 263?
False
Is 38 a factor of 69008?
True
Is 400113 a multiple of 511?
True
Does 104 divide 2605003?
False
Does 8 divide 196884?
False
Does 26 divide 2706450?
False
Is 439 a factor of 2550590?
True
Does 168 divide 2405113?
False
Is 147645 a multiple of 12?
False
Does 43 divide 1586128?
False
Does 2 divide 13649?
False
Is 233 a factor of 128352?
False
Does 232 divide 134096?
True
Is 3163316 a multiple of 26?
True
Is 194910 a multiple of 267?
True
Is 657502 a multiple of 235?
False
Is 1346168 a multiple of 881?
True
Does 2 divide 34852?
True
Is 63616 a multiple of 14?
True
Does 89 divide 30527?
True
Is 46 a factor of 2346828?
True
Does 66 divide 46002?
True
Is 126308 a multiple of 364?
True
Is 1672 a factor of 11752587?
False
Is 40